{"id":181,"date":"2021-07-18T11:46:28","date_gmt":"2021-07-18T09:46:28","guid":{"rendered":"https:\/\/kura-randen.ch\/?page_id=181"},"modified":"2026-02-26T17:34:05","modified_gmt":"2026-02-26T16:34:05","slug":"kontakt-2","status":"publish","type":"page","link":"https:\/\/kura-randen.ch\/?page_id=181","title":{"rendered":"Kontakt"},"content":{"rendered":"\n<p class=\"has-text-align-center has-large-font-size\"><strong>Kontakt<\/strong><\/p>\n\n\n\n<div class=\"wp-block-group\"><div class=\"wp-block-group__inner-container is-layout-flow wp-block-group-is-layout-flow\">\n<p class=\"has-text-align-center has-medium-font-size\"><strong>Pr\u00e4sident:<\/strong><\/p>\n\n\n\n<p class=\"has-text-align-center\">Bernhard Egli<br>Etzelstrasse 15<br>8200 Schaffhausen<br>Mobile: +41 79 796 61 93<br>E-Mail: b.egli@bioforum.ch<\/p>\n\n\n\n<div style=\"height:100px\" aria-hidden=\"true\" class=\"wp-block-spacer\"><\/div>\n<\/div><\/div>\n\n\n\n<p class=\"has-text-align-center has-medium-font-size\"><strong>Kassier:<\/strong><\/p>\n\n\n\n<p class=\"has-text-align-center\">Hansj\u00f6rg Tanner<br>Im St\u00e4gli 7<br>8233 Bargen<br>Mobile: +41 79 612 10 18<br>Telefon: +41 52 653 12 04<\/p>\n\n\n\n<div style=\"height:100px\" aria-hidden=\"true\" class=\"wp-block-spacer\"><\/div>\n\n\n\n<p class=\"has-text-align-center has-medium-font-size\"><strong>Vizepr\u00e4sident:<\/strong><\/p>\n\n\n\n<p class=\"has-text-align-center\">Thomas Tanner <br>M\u00fcligass 8<br>8232 Merishausen <br>Mobile: +41 79 405 57 81<br>E-mail: thomas.tanner@bluewin.ch<\/p>\n\n\n\n<div style=\"height:100px\" aria-hidden=\"true\" class=\"wp-block-spacer\"><\/div>\n","protected":false},"excerpt":{"rendered":"<p>Kontakt Pr\u00e4sident: Bernhard EgliEtzelstrasse 158200 SchaffhausenMobile: +41 79 796 61 93E-Mail: b.egli@bioforum.ch Kassier: Hansj\u00f6rg TannerIm St\u00e4gli 78233 BargenMobile: +41 79 612 10 18Telefon: +41 52 653 12 04 Vizepr\u00e4sident: Thomas Tanner M\u00fcligass 88232 Merishausen Mobile: +41 79 405 57 81E-mail: thomas.tanner@bluewin.ch<\/p>\n","protected":false},"author":2,"featured_media":0,"parent":0,"menu_order":0,"comment_status":"closed","ping_status":"closed","template":"","meta":{"_editorskit_title_hidden":true,"_editorskit_reading_time":1,"_editorskit_is_block_options_detached":false,"_editorskit_block_options_position":"{}","footnotes":""},"class_list":["post-181","page","type-page","status-publish"],"_links":{"self":[{"href":"https:\/\/kura-randen.ch\/index.php?rest_route=\/wp\/v2\/pages\/181","targetHints":{"allow":["GET"]}}],"collection":[{"href":"https:\/\/kura-randen.ch\/index.php?rest_route=\/wp\/v2\/pages"}],"about":[{"href":"https:\/\/kura-randen.ch\/index.php?rest_route=\/wp\/v2\/types\/page"}],"author":[{"embeddable":true,"href":"https:\/\/kura-randen.ch\/index.php?rest_route=\/wp\/v2\/users\/2"}],"replies":[{"embeddable":true,"href":"https:\/\/kura-randen.ch\/index.php?rest_route=%2Fwp%2Fv2%2Fcomments&post=181"}],"version-history":[{"count":13,"href":"https:\/\/kura-randen.ch\/index.php?rest_route=\/wp\/v2\/pages\/181\/revisions"}],"predecessor-version":[{"id":333,"href":"https:\/\/kura-randen.ch\/index.php?rest_route=\/wp\/v2\/pages\/181\/revisions\/333"}],"wp:attachment":[{"href":"https:\/\/kura-randen.ch\/index.php?rest_route=%2Fwp%2Fv2%2Fmedia&parent=181"}],"curies":[{"name":"wp","href":"https:\/\/api.w.org\/{rel}","templated":true}]}}