{"id":218,"date":"2021-07-18T20:31:20","date_gmt":"2021-07-18T18:31:20","guid":{"rendered":"https:\/\/kura-randen.ch\/?page_id=218"},"modified":"2026-02-23T11:08:03","modified_gmt":"2026-02-23T10:08:03","slug":"kura","status":"publish","type":"page","link":"https:\/\/kura-randen.ch\/","title":{"rendered":"KURA"},"content":{"rendered":"\n<p class=\"has-text-align-center has-medium-font-size\"><strong>KURA &#8211; Wer ist die KURA?<\/strong><\/p>\n\n\n\n<p class=\"has-text-align-center\"><strong>Die KURA ist ein gemeinn\u00fctziger Verein mit folgenden Mitgliedern:<\/strong><br><br>&#8211; Vereinigung der Randenbauern<br>&#8211; Pro Natura Schaffhausen (<a href=\"http:\/\/www.pronatura.ch\/sh\" target=\"_blank\" rel=\"noreferrer noopener\">www.pronatura.ch\/sh<\/a>)<br>&#8211; Randenvereinigung (<a href=\"http:\/\/www.randenvereinigung.ch\" target=\"_blank\" rel=\"noreferrer noopener\" class=\"ek-link\">www.randenvereinigung.ch<\/a>)<br>&#8211; Jagd Schaffhausen<br>&#8211; Bargen (<a href=\"http:\/\/www.sh.ch\/wf\/gemeinden\/bargen.htm\" target=\"_blank\" rel=\"noreferrer noopener\">www.sh.ch\/wf\/gemeinden\/bargen.htm<\/a>)<br>&#8211; Beggingen (<a href=\"http:\/\/www.beggingen.ch\" target=\"_blank\" rel=\"noreferrer noopener\">www.beggingen.ch<\/a>)<br>&#8211; Beringen (<a href=\"http:\/\/www.beringen.ch\/\" target=\"_blank\" rel=\"noreferrer noopener\">www.beringen.ch<\/a>)<br>&#8211; B\u00fcttenhardt (<a href=\"http:\/\/www.buettenhardt.ch\" target=\"_blank\" rel=\"noreferrer noopener\">www.buettenhardt.ch<\/a>)<br>&#8211; G\u00e4chlingen (<a href=\"http:\/\/www.gaechlingen.ch\" target=\"_blank\" rel=\"noreferrer noopener\">www.gaechlingen.ch<\/a>)<br>&#8211; Hemmental (<a href=\"http:\/\/www.hemmental.ch\" target=\"_blank\" rel=\"noreferrer noopener\">www.hemmental.ch<\/a>)<br>&#8211; L\u00f6hningen (<a href=\"http:\/\/www.loehningen.ch\" target=\"_blank\" rel=\"noreferrer noopener\">www.loehningen.ch<\/a>)<br>&#8211; Merishausen (<a href=\"http:\/\/www.merishausen.ch\" target=\"_blank\" rel=\"noreferrer noopener\">www.merishausen.ch<\/a>)<br>&#8211; Schleitheim (<a href=\"http:\/\/www.randental.ch\" target=\"_blank\" rel=\"noreferrer noopener\">www.randental.ch<\/a>)<br>&#8211; Siblingen (<a href=\"http:\/\/www.siblingen.ch\" target=\"_blank\" rel=\"noreferrer noopener\">www.siblingen.ch<\/a>)<br>&#8211; Stadt Schaffhausen (<a href=\"http:\/\/www.stadt-schaffhausen.ch\" target=\"_blank\" rel=\"noreferrer noopener\">www.stadt-schaffhausen.ch<\/a>)<br>-Obstgarten &#8211; Aktion Schaffhausen (<a href=\"https:\/\/obstgarten-aktion.ch\/\">www.obgarten-aktion.ch<\/a>)<\/p>\n\n\n\n<div style=\"height:100px\" aria-hidden=\"true\" class=\"wp-block-spacer\"><\/div>\n\n\n\n<p class=\"has-text-align-center has-medium-font-size\"><strong>KURA &#8211; Was will die KURA?<\/strong><\/p>\n\n\n\n<p class=\"has-text-align-center\">Der Verein bezweckt die Erhaltung der reichhaltigen Natur und abwechslungsreichen Kulturlandschaft des Randens durch eine naturnahe Pflege und Nutzung von Feld und Wald.<\/p>\n\n\n\n<p class=\"has-text-align-center\">Aufgaben des Vereins sind die Durchf\u00fchrung von zielorientierten Massnahmen und die F\u00f6rderung einer engen Zusammenarbeit zwischen Bewirtschaftern, Grundeigent\u00fcmern, Naturschutzorganisationen, Forschungsinstitutionen, Gemeinde-, Kantons- und Bundesbeh\u00f6rden sowie von Privaten und Firmen, welche im Sinne dieser Zwecksetzung zum Randen als vielf\u00e4ltigem Lebensraum beitragen wollen.<\/p>\n\n\n\n<p class=\"has-text-align-center\"><strong>Vorstandsmitglieder:<\/strong> Bernhard Egli, Pr\u00e4sident (Verein Obstgarten-Aktion Schaffhausen); Thomas Tanner, Vizepr\u00e4sident (Vereinigung der Randenbauern); Hansj\u00f6rg Tanner, Kassier (Vereinigung der Randenbauern); Werner Stauffacher, Protokollf\u00fchrer (Gemeinden\/Jagd); Richard Leu, Beisitzer (Vereinigung der Randenbauern); Martin Maag, Beisitzer (Gemeinden\/Pro Natura SH); Savy Ruggiu, Beisitzer (Gemeinden).<\/p>\n\n\n\n<p class=\"has-text-align-center has-medium-font-size\"><strong>Allen Beteiligten sei herzlich gedankt!<\/strong><\/p>\n\n\n\n<figure class=\"wp-block-image alignfull size-full\"><img loading=\"lazy\" decoding=\"async\" width=\"2560\" height=\"1702\" src=\"https:\/\/kura-randen.ch\/wp-content\/uploads\/2021\/07\/PICT0002-2-1-scaled.jpg\" alt=\"\" class=\"wp-image-265\" srcset=\"https:\/\/kura-randen.ch\/wp-content\/uploads\/2021\/07\/PICT0002-2-1-scaled.jpg 2560w, https:\/\/kura-randen.ch\/wp-content\/uploads\/2021\/07\/PICT0002-2-1-300x199.jpg 300w, https:\/\/kura-randen.ch\/wp-content\/uploads\/2021\/07\/PICT0002-2-1-1024x681.jpg 1024w, https:\/\/kura-randen.ch\/wp-content\/uploads\/2021\/07\/PICT0002-2-1-768x511.jpg 768w, https:\/\/kura-randen.ch\/wp-content\/uploads\/2021\/07\/PICT0002-2-1-1536x1021.jpg 1536w, https:\/\/kura-randen.ch\/wp-content\/uploads\/2021\/07\/PICT0002-2-1-2048x1362.jpg 2048w\" sizes=\"auto, (max-width: 2560px) 100vw, 2560px\" \/><\/figure>\n","protected":false},"excerpt":{"rendered":"<p>KURA &#8211; Wer ist die KURA? Die KURA ist ein gemeinn\u00fctziger Verein mit folgenden Mitgliedern: &#8211; Vereinigung der Randenbauern&#8211; Pro Natura Schaffhausen (www.pronatura.ch\/sh)&#8211; Randenvereinigung (www.randenvereinigung.ch)&#8211; Jagd Schaffhausen&#8211; Bargen (www.sh.ch\/wf\/gemeinden\/bargen.htm)&#8211; Beggingen (www.beggingen.ch)&#8211; Beringen (www.beringen.ch)&#8211; B\u00fcttenhardt (www.buettenhardt.ch)&#8211; G\u00e4chlingen (www.gaechlingen.ch)&#8211; Hemmental (www.hemmental.ch)&#8211; L\u00f6hningen (www.loehningen.ch)&#8211; Merishausen (www.merishausen.ch)&#8211; Schleitheim (www.randental.ch)&#8211; Siblingen (www.siblingen.ch)&#8211; Stadt Schaffhausen (www.stadt-schaffhausen.ch)-Obstgarten &#8211; Aktion Schaffhausen (www.obgarten-aktion.ch) KURA &#8230; <a title=\"KURA\" class=\"read-more\" href=\"https:\/\/kura-randen.ch\/\">Weiterlesen &#8230;<\/a><\/p>\n","protected":false},"author":2,"featured_media":0,"parent":0,"menu_order":0,"comment_status":"closed","ping_status":"closed","template":"","meta":{"_editorskit_title_hidden":false,"_editorskit_reading_time":1,"_editorskit_is_block_options_detached":false,"_editorskit_block_options_position":"{}","footnotes":""},"class_list":["post-218","page","type-page","status-publish"],"_links":{"self":[{"href":"https:\/\/kura-randen.ch\/index.php?rest_route=\/wp\/v2\/pages\/218","targetHints":{"allow":["GET"]}}],"collection":[{"href":"https:\/\/kura-randen.ch\/index.php?rest_route=\/wp\/v2\/pages"}],"about":[{"href":"https:\/\/kura-randen.ch\/index.php?rest_route=\/wp\/v2\/types\/page"}],"author":[{"embeddable":true,"href":"https:\/\/kura-randen.ch\/index.php?rest_route=\/wp\/v2\/users\/2"}],"replies":[{"embeddable":true,"href":"https:\/\/kura-randen.ch\/index.php?rest_route=%2Fwp%2Fv2%2Fcomments&post=218"}],"version-history":[{"count":10,"href":"https:\/\/kura-randen.ch\/index.php?rest_route=\/wp\/v2\/pages\/218\/revisions"}],"predecessor-version":[{"id":304,"href":"https:\/\/kura-randen.ch\/index.php?rest_route=\/wp\/v2\/pages\/218\/revisions\/304"}],"wp:attachment":[{"href":"https:\/\/kura-randen.ch\/index.php?rest_route=%2Fwp%2Fv2%2Fmedia&parent=218"}],"curies":[{"name":"wp","href":"https:\/\/api.w.org\/{rel}","templated":true}]}}

<p class="has-text-align-center has-medium-font-size"><strong>KURA &#8211; Wer ist die KURA?</strong></p>



<p class="has-text-align-center"><strong>Die KURA ist ein gemeinnütziger Verein mit folgenden Mitgliedern:</strong><br><br>&#8211; Vereinigung der Randenbauern<br>&#8211; Pro Natura Schaffhausen (<a href="http://www.pronatura.ch/sh" target="_blank" rel="noreferrer noopener">www.pronatura.ch/sh</a>)<br>&#8211; Randenvereinigung (<a href="http://www.randenvereinigung.ch" target="_blank" rel="noreferrer noopener" class="ek-link">www.randenvereinigung.ch</a>)<br>&#8211; Jagd Schaffhausen<br>&#8211; Bargen (<a href="http://www.sh.ch/wf/gemeinden/bargen.htm" target="_blank" rel="noreferrer noopener">www.sh.ch/wf/gemeinden/bargen.htm</a>)<br>&#8211; Beggingen (<a href="http://www.beggingen.ch" target="_blank" rel="noreferrer noopener">www.beggingen.ch</a>)<br>&#8211; Beringen (<a href="http://www.beringen.ch/" target="_blank" rel="noreferrer noopener">www.beringen.ch</a>)<br>&#8211; Büttenhardt (<a href="http://www.buettenhardt.ch" target="_blank" rel="noreferrer noopener">www.buettenhardt.ch</a>)<br>&#8211; Gächlingen (<a href="http://www.gaechlingen.ch" target="_blank" rel="noreferrer noopener">www.gaechlingen.ch</a>)<br>&#8211; Hemmental (<a href="http://www.hemmental.ch" target="_blank" rel="noreferrer noopener">www.hemmental.ch</a>)<br>&#8211; Löhningen (<a href="http://www.loehningen.ch" target="_blank" rel="noreferrer noopener">www.loehningen.ch</a>)<br>&#8211; Merishausen (<a href="http://www.merishausen.ch" target="_blank" rel="noreferrer noopener">www.merishausen.ch</a>)<br>&#8211; Schleitheim (<a href="http://www.randental.ch" target="_blank" rel="noreferrer noopener">www.randental.ch</a>)<br>&#8211; Siblingen (<a href="http://www.siblingen.ch" target="_blank" rel="noreferrer noopener">www.siblingen.ch</a>)<br>&#8211; Stadt Schaffhausen (<a href="http://www.stadt-schaffhausen.ch" target="_blank" rel="noreferrer noopener">www.stadt-schaffhausen.ch</a>)<br>-Obstgarten &#8211; Aktion Schaffhausen (<a href="https://obstgarten-aktion.ch/">www.obgarten-aktion.ch</a>)</p>



<div style="height:100px" aria-hidden="true" class="wp-block-spacer"></div>



<p class="has-text-align-center has-medium-font-size"><strong>KURA &#8211; Was will die KURA?</strong></p>



<p class="has-text-align-center">Der Verein bezweckt die Erhaltung der reichhaltigen Natur und abwechslungsreichen Kulturlandschaft des Randens durch eine naturnahe Pflege und Nutzung von Feld und Wald.</p>



<p class="has-text-align-center">Aufgaben des Vereins sind die Durchführung von zielorientierten Massnahmen und die Förderung einer engen Zusammenarbeit zwischen Bewirtschaftern, Grundeigentümern, Naturschutzorganisationen, Forschungsinstitutionen, Gemeinde-, Kantons- und Bundesbehörden sowie von Privaten und Firmen, welche im Sinne dieser Zwecksetzung zum Randen als vielfältigem Lebensraum beitragen wollen.</p>



<p class="has-text-align-center"><strong>Vorstandsmitglieder:</strong> Bernhard Egli, Präsident (Verein Obstgarten-Aktion Schaffhausen); Thomas Tanner, Vizepräsident (Vereinigung der Randenbauern); Hansjörg Tanner, Kassier (Vereinigung der Randenbauern); Werner Stauffacher, Protokollführer (Gemeinden/Jagd); Richard Leu, Beisitzer (Vereinigung der Randenbauern); Martin Maag, Beisitzer (Gemeinden/Pro Natura SH); Savy Ruggiu, Beisitzer (Gemeinden).</p>



<p class="has-text-align-center has-medium-font-size"><strong>Allen Beteiligten sei herzlich gedankt!</strong></p>



<figure class="wp-block-image alignfull size-full"><img loading="lazy" decoding="async" width="2560" height="1702" src="https://kura-randen.ch/wp-content/uploads/2021/07/PICT0002-2-1-scaled.jpg" alt="" class="wp-image-265" srcset="https://kura-randen.ch/wp-content/uploads/2021/07/PICT0002-2-1-scaled.jpg 2560w, https://kura-randen.ch/wp-content/uploads/2021/07/PICT0002-2-1-300x199.jpg 300w, https://kura-randen.ch/wp-content/uploads/2021/07/PICT0002-2-1-1024x681.jpg 1024w, https://kura-randen.ch/wp-content/uploads/2021/07/PICT0002-2-1-768x511.jpg 768w, https://kura-randen.ch/wp-content/uploads/2021/07/PICT0002-2-1-1536x1021.jpg 1536w, https://kura-randen.ch/wp-content/uploads/2021/07/PICT0002-2-1-2048x1362.jpg 2048w" sizes="auto, (max-width: 2560px) 100vw, 2560px" /></figure>

<p>KURA &#8211; Wer ist die KURA? Die KURA ist ein gemeinnütziger Verein mit folgenden Mitgliedern: &#8211; Vereinigung der Randenbauern&#8211; Pro Natura Schaffhausen (www.pronatura.ch/sh)&#8211; Randenvereinigung (www.randenvereinigung.ch)&#8211; Jagd Schaffhausen&#8211; Bargen (www.sh.ch/wf/gemeinden/bargen.htm)&#8211; Beggingen (www.beggingen.ch)&#8211; Beringen (www.beringen.ch)&#8211; Büttenhardt (www.buettenhardt.ch)&#8211; Gächlingen (www.gaechlingen.ch)&#8211; Hemmental (www.hemmental.ch)&#8211; Löhningen (www.loehningen.ch)&#8211; Merishausen (www.merishausen.ch)&#8211; Schleitheim (www.randental.ch)&#8211; Siblingen (www.siblingen.ch)&#8211; Stadt Schaffhausen (www.stadt-schaffhausen.ch)-Obstgarten &#8211; Aktion Schaffhausen (www.obgarten-aktion.ch) KURA &#8230; <a title="KURA" class="read-more" href="https://kura-randen.ch/">Weiterlesen &#8230;</a></p>
